5
Let v = 68 + -62. Suppose 2*p = 2*j + v*p - 280, 0 = -2*p + 10. What is the highest common factor of j and 52?
26
Let o = -100 - -57. Let g = -2571 - -2649. Let d = g + o. Calculate the greatest common factor of d and 35.
35
Let q(a) = 2682*a - 1128. Let g be q(4). Calculate the highest common divisor of g and 160.
160
Let d(h) = 9*h - 3. Suppose 3*m - 11 = 6*m + 5*q, 3*q = -3*m - 3. Let j be d(m). Calculate the greatest common divisor of 72 and j.
24
Let q(i) = -i**3 + 36*i**2 + 23*i - 12. Let g be q(36). What is the highest common factor of 2208 and g?
48
Let i = 387 - 114. Let f = i - 152. Let m = 19 + f. What is the highest common factor of 20 and m?
20
Let f be 152 + 4 + -9 + 0/24. Calculate the greatest common divisor of 483 and f.
21
Suppose -10*v = -5*v. Let a be (-4 - 78)*3/(-2). Suppose v = -6*q + 27 + a. What is the greatest common divisor of q and 5?
5
Suppose -11*h + 17*h = 24. Suppose -2*j - r + 353 = 0, 8*j - 3*j + h*r = 890. What is the greatest common divisor of 12 and j?
6
Let x(z) = -4*z + 80. Let r be x(20). Suppose -22*m + 2665 + 3231 = r. Calculate the highest common divisor of m and 67.
67
Suppose -9*z + 1082 = -988. Suppose 5*h = 5, -4*k + k + 64 = -2*h. Let r = 68 - k. What is the highest common divisor of z and r?
46
Let o be 70*(-30)/12*20/(-25). What is the greatest common divisor of o and 2765?
35
Let x = 181 + -508. Let n = x - -332. Calculate the highest common divisor of 9 and n.
1
Let c be (1 - 4)/(2 - 3). Suppose -1 = -f, c*f - 36 - 25 = -2*y. What is the greatest common factor of y and 145?
29
Suppose -12 = 4*c, 15*z = 20*z + 5*c - 3135. What is the highest common factor of z and 168?
42
Suppose 59*r + 8978 = 193*r. What is the greatest common factor of 1943 and r?
67
Let c = 892 - 877. Calculate the highest common factor of c and 18.
3
Let g = 4985 - 1749. Suppose -g = 16*x - 12740. Suppose -f + x = 2*f. Calculate the highest common divisor of 22 and f.
22
Let t be (-2173)/451 + 4/(-22). Let v be 0 - (t + -7)*1. Calculate the greatest common factor of v and 132.
12
Let b = 1312 + 991. What is the greatest common divisor of 141 and b?
47
Let j be -1*(-5 + -1)*(-44)/3. Let n = 100 + j. Calculate the highest common divisor of n and 108.
12
Suppose -898*w + 892*w = -1260. Let h be 80/(-3 + 11/3). Suppose 0 = 5*p - p - h. Calculate the highest common divisor of w and p.
30
Let q be 42 + (2 - 8 - -2). Let d = -45 - -65. Let r = q - d. Calculate the greatest common factor of r and 6.
6
Let n = 61 + -9. Let k be 615728/3944 + (-1)/4 + (-18)/(-136). Calculate the greatest common factor of k and n.
52
Suppose 0 = 14530*g - 14541*g + 176. Suppose 3*q - 5*w + w = -245, 5*w = 3*q + 247. Let x = q + 111. Calculate the highest common divisor of g and x.
16
Let b be (-59)/((-4)/12*3) + -1. Calculate the highest common divisor of b and 319.
29
Suppose 0*w = 5*w + 10, 3*w = 2*f - 28. Suppose f*n - 3*n + 1080 = 0. Let b be 1*(7 - 8)*(n - 0). What is the greatest common divisor of 15 and b?
15
Let l = 4513 + -2822. Calculate the greatest common divisor of 178 and l.
89
Let r(u) = -127*u + 5. Let a be r(4). Let l = a - -524. Calculate the highest common factor of 105 and l.
21
Let p = 10 + -7. Let s = 88 - -461. Let b = -516 + s. Calculate the greatest common factor of b and p.
3
Let h(r) = -2*r**2 - 5*r + 31. Let c(b) = 1. Let i(w) = -c(w) - h(w). Let a be i(16). What is the highest common divisor of a and 20?
20
Let x(r) = -24*r**2 - 485*r + 68. Let c be x(-17). Calculate the greatest common divisor of 68 and c.
17
Let o(x) = -181*x - 2320. Let k be o(-13). Let m be 1588/4 - 1/1. Calculate the highest common factor of m and k.
33
Suppose 3*g = -2*b - 322, 3*g + b = -454 + 131. Let n = g - -126. What is the greatest common divisor of 24 and n?
6
Suppose 497*n - 127039 = 23507 + 86026. Calculate the highest common divisor of 5916 and n.
68
Let a(j) = 2*j**3 + 213*j**2 - 128*j - 42. Let z be a(-107). What is the greatest common divisor of z and 210?
105
Let b = 124 + -84. Let q = 45 - b. Suppose -q*m = 2*c - 199, -4*m + 8*m - 150 = 3*c. Calculate the greatest common factor of 117 and m.
39
Let r be (-6)/4*(-9)/(14/560 - 0). Calculate the highest common factor of 2079 and r.
27
Let v(u) = -u**2 - 7*u - 2. Let m be v(-3). Suppose t = 5, 5*t = 2*a + 63 - m. Let j be (5/(-20) + a/8)/(-2). What is the greatest common divisor of j and 2?
1
Let r = -343 + 487. Let v(p) = 4*p**2 - 9*p + 12. Let z be v(5). Let k = z + -51. Calculate the highest common divisor of k and r.
16
Let n = -60 + 104. Suppose 0 = 2*b + 39*d - 35*d - 250, 0 = 3*b + 2*d - 367. Calculate the highest common divisor of n and b.
11
Let c = 7138 + -7109. Calculate the highest common divisor of 5191 and c.
29
Let s = -80 - -114. Let x be -7 - (3/(((-12)/268)/3) - -7). Calculate the greatest common factor of x and s.
17
Let k(r) = 8*r**2 - 3*r - 180 + 14*r + 210. Let c be k(-5). What is the greatest common factor of c and 25?
25
Let i = -4 - -1. Let x be (-1 - -3)/(i/(-81)). Suppose 4*r - 18 = 6. What is the highest common factor of r and x?
6
Let m(l) = -202*l**3 - 2*l. Let z be m(1). Let n be (z/12)/(3/(-78)). Calculate the greatest common factor of n and 68.
34
Let m = -13 - -21. Suppose -3*c = -m*c + 2*t + 14, 4 = -2*t. Suppose -3*j + 4*r = -18 - 23, 34 = c*j - 4*r. What is the greatest common divisor of j and 77?
7
Let m be (-2 + 0)*(-11 - -14). Let t(c) = -21138 - 66*c + 21138. Let n be t(m). What is the greatest common divisor of n and 36?
36
Let i(q) = 38*q**2 - q - 4. Let p be i(2). Let g = p + -98. Suppose -g = -9*a + 96. What is the highest common divisor of a and 16?
16
Let c(g) = 18827*g**3 - 28*g + 29. Let j be c(1). What is the highest common factor of 36 and j?
36
Let m = 23053 - 20774. What is the highest common factor of 129 and m?
43
Suppose 0 = 2*i - 12 + 6. Let j be 0/(1 - -6*(-2)/i). Suppose j = -8*l + 5*l + 189. Calculate the highest common factor of l and 9.
9
Let g(i) = -60*i + 151. Let y be g(5). Let k = y - -201. Calculate the greatest common factor of k and 4.
4
Let a = -24 - -49. Let l = -151 + a. Let w be (l/35)/(-6*(-2)/(-40)). What is the greatest common factor of w and 12?
12
Suppose v + 68 = 2*v. Suppose -4*p = 3*u - 5*u, -5*p = 5*u + 15. Let l be (109 - 7)/(1/p*-1). What is the highest common factor of l and v?
34
Suppose 18*a + i = 14*a + 1078, 5*i = -a + 298. Calculate the greatest common factor of a and 134.
134
Let z be (-5190)/(-14) - (4/(-3))/((-742)/(-159)). Calculate the highest common factor of 140 and z.
7
Let v = 11 - -4. Let l(u) = -u**3 + 16*u**2 - 43*u + 11. Let i be l(12). Let n = i - -94. What is the highest common divisor of n and v?
15
Let g be 2*(-12)/(-32) + (-697)/(-4). Suppose -8*h = -3*h + g. Let j = h + 65. Calculate the greatest common factor of 45 and j.
15
Let c = -84 + 24. Let z = c - -129. Suppose 0 = 2*b - 5*b + 138. Calculate the highest common factor of b and z.
23
Let d be (403/(-91) - -5) + 67296/28. Calculate the highest common factor of 4 and d.
4
Suppose 2*x - 538 = -3*s + 10, 6*x = s - 156. What is the highest common divisor of 1116 and s?
36
Let z be (17 + -1*356/20)*(-31581 - -1). Calculate the greatest common factor of z and 16.
16
Let q be (-47 - -77)*(-32)/(-20). Calculate the highest common divisor of q and 528.
48
Suppose 4*o - 902 = -c, -3*c + 4*c - 2*o - 872 = 0. Suppose -605*s - 609*s = -1128*s - 1548. What is the highest common divisor of c and s?
18
Suppose 2064 = -2016*d + 2024*d. Calculate the greatest common divisor of d and 12.
6
Let s = 3797 + -3773. What is the greatest common divisor of s and 164?
4
Let t be (46/(-5))/(6/(-150)). Let v(s) = -s**3 + 3*s**2 + 3*s + 1. Let o be v(3). Calculate the highest common divisor of t and o.
10
Let v be (-815)/(-8 + 3) - -1. Suppose 5*g - v = 41. Let r = g - 5. What is the highest common factor of 4 and r?
4
Suppose -2*q + 4*j = -84150, 811*q + 4*j = 810*q + 42051. Calculate the highest common divisor of 31 and q.
31
Let f = 15132 - 12543. Calculate the greatest common divisor of f and 3.
3
Suppose 2*h + 10 - 28 = 0. Suppose h = -3*p + 72. Suppose -25*t = -p*t - 16. Calculate the highest common factor of 28 and t.
4
Suppose 20*p - 3278 = 242. Calculate the greatest common divisor of 1199 and p.
11
Suppose 0 = 7*n - 12*n - 260. Let k be n/